t u(y) = -y**2 - 4*y + 7. Determine u(-6).
-5
Let y(t) = 4*t**3 + t**2 - 7*t - 6. Calculate y(-1).
-2
Let y(z) = -2*z**3 - 25*z**2 + 196*z - 33. Determine y(-18).
3
Let k(g) = g**3 - 9*g**2 - 8*g + 2. Calculate k(10).
22
Let h(l) = 15*l + 47. Determine h(-13).
-148
Let z(a) = a**3 - 9*a**2 + 12*a - 7. Determine z(8).
25
Let w(d) = -2*d**3 + 5*d**2 + d - 1. Give w(4).
-45
Let q(x) = -x**2 - 12*x - 4. Give q(-8).
28
Let p(y) = -y**2 + 3*y + 4. What is p(5)?
-6
Let d(t) = t**2 - 12*t + 3. Calculate d(11).
-8
Let l(d) = -2*d + 33. Calculate l(-6).
45
Let c(q) = -2*q**2 - 3*q - 5. Determine c(-4).
-25
Let s(d) = -d**2 + 17*d - 20. Give s(8).
52
Let o(t) = t**2 + 9*t + 6. Give o(-6).
-12
Let i(g) = g**2 - 23*g - 1. What is i(25)?
49
Let n(h) = -3*h - 2. Give n(4).
-14
Let w(r) = -r - 55. Calculate w(-14).
-41
Let d(m) = -2*m - 25. What is d(-7)?
-11
Let c(m) = m**3 - 18*m**2 + 26*m - 136. Give c(17).
17
Let v(a) = a**2 - 2*a - 11. Give v(6).
13
Let y(q) = -2*q - 37. Give y(-15).
-7
Let q(h) = -3*h**2 - 10*h + 14. Give q(3).
-43
Let r(c) = -5*c**3 + c**2 - c + 1. What is r(1)?
-4
Let n(v) = v**2. Determine n(-6).
36
Let l(j) = -28*j - 33. Give l(-1).
-5
Let n(b) = -147*b - 1616. What is n(-11)?
1
Let v(s) = 4*s + 14. Determine v(-1).
10
Let i(j) = -j**3 + 10*j**2 - 15*j - 3. Give i(8).
5
Let u(c) = 3*c**2 - 46*c. What is u(16)?
32
Let f(m) = m**2 + 17*m + 39. Calculate f(-13).
-13
Let r(w) = 6*w + 4. Give r(5).
34
Let s(q) = 14*q - 38. Determine s(3).
4
Let m(x) = -x - 8. Calculate m(8).
-16
Let i(h) = h**3 + 7*h**2 - 5*h + 10. Calculate i(-8).
-14
Let s(m) = -m**3 + 5*m**2 + 14*m + 4. Give s(7).
4
Let h(l) = -l**2 - 3*l + 100. Determine h(-12).
-8
Let f(h) = -h - 14. Determine f(18).
-32
Let p(j) = -j**2 + 11*j + 23. Determine p(14).
-19
Let p(z) = z**3 + 4*z**2 - 5*z + 2. Calculate p(-5).
2
Let k(t) = -t**3 - 11*t**2 + 13*t + 15. Determine k(-12).
3
Let s(m) = 4*m - 39. What is s(9)?
-3
Let b(s) = s + 9. Calculate b(-7).
2
Let q(h) = -32*h - 380. What is q(-12)?
4
Let y(p) = p**2 - 7*p + 10. Determine y(10).
40
Let z(b) = 6*b - 10. Calculate z(12).
62
Let w(l) = 3*l**3 + 4*l**2 - 7*l + 5. Give w(1).
5
Let j(t) = t**2 + 15*t. Give j(-15).
0
Let h(c) = c**3 - 13*c**2 - 12*c - 32. Determine h(14).
-4
Let m(a) = a**3 + 19*a**2 + 35*a + 15. What is m(-17)?
-2
Let z(i) = i**3 - 24*i**2 + 109*i - 20. Calculate z(18).
-2
Let q(r) = -r - 8. Give q(-9).
1
Let a(z) = z**2 + 8*z + 3. Give a(-8).
3
Let p(n) = -10*n - 30. Calculate p(-7).
40
Let u(m) = 19*m - 5. Determine u(3).
52
Let g(k) = 7*k**2 + 128*k + 37. Give g(-18).
1
Let m(v) = -v**3 + 2*v + 1. Determine m(-3).
22
Let v(a) = a**2 - 10*a + 2. Calculate v(9).
-7
Let w(t) = -2*t - 25. Determine w(-12).
-1
Let f(m) = -4*m + 31. What is f(3)?
19
Let m(s) = -3*s + 43. Determine m(15).
-2
Let i(b) = 11*b + 11. Calculate i(-4).
-33
Let v(k) = k**3 + 19*k**2 + 20*k + 55. What is v(-18)?
19
Let w(u) = u**2 - 3*u + 4. Determine w(4).
8
Let i(s) = -23*s + 177. What is i(8)?
-7
Let g(h) = -5*h + 1. Give g(9).
-44
Let r(b) = -37*b - 63. Determine r(-3).
48
Let g(d) = -3*d + 24. Calculate g(10).
-6
Let v(m) = m + 13. Give v(-7).
6
Let q(n) = -n**3 - 11*n**2 - 3*n - 37. Determine q(-11).
-4
Let a(c) = -7*c + 8. What is a(-2)?
22
Let l(j) = j**3 + 5*j**2 - j + 12. Give l(-5).
17
Let p(f) = -4*f + 85. Calculate p(21).
1
Let v(i) = i**3 + 4*i**2 - 4*i + 6. Give v(-5).
1
Let s(n) = -7*n - 92. What is s(-12)?
-8
Let b(v) = v**2 + 8*v - 8. Calculate b(-6).
-20
Let x(z) = 3*z**2 + 60*z - 10. What is x(-20)?
-10
Let o(m) = -m**3 - 11*m**2 - 17*m - 12. Give o(-9).
-21
Let o(n) = -n**2 + 8*n - 2. Calculate o(7).
5
Let v(s) = -s**3 + 11*s**2 - 4*s - 12. Give v(11).
-56
Let t(u) = 11*u**3 + 2*u**2 + 3*u + 1. Calculate t(-2).
-85
Let y(t) = 5*t**2. Determine y(2).
20
Let l(f) = -23*f + 4. What is l(-2)?
50
Let f(p) = -p**3 - 12*p**2 - 14*p - 41. Give f(-11).
-8
Let h(v) = -v**3 + 24*v**2 + 25*v + 15. What is h(25)?
15
Let r(w) = w**3 - 12*w**2 - 25*w - 27. Give r(14).
15
Let a(t) = -t**2 - 5*t + 5. Give a(-7).
-9
Let n(j) = j + 2. Determine n(-10).
-8
Let z(k) = -11*k + 15. Calculate z(2).
-7
Let r(c) = c**3 + 3*c**2 - 3*c - 7. Give r(-2).
3
Let v(p) = 3*p + 10. What is v(-9)?
-17
Let i(a) = -a**3 - 9*a**2 + 8*a + 23. Give i(-9).
-49
Let p(s) = -s**2 - 10*s + 7. Give p(7).
-112
Let g(f) = f**3 - 9*f**2 - 9*f + 7. Determine g(10).
17
Let g(w) = 2*w**2 - 11*w + 12. Give g(4).
0
Let q(h) = -h**3 - 7*h**2 + 2. Determine q(-7).
2
Let d(f) = -f**2 + 2*f + 9. Give d(9).
-54
Let m(g) = 41*g - 302. Determine m(7).
-15
Let b(m) = m**2 - 6*m + 14. Give b(7).
21
Let y(k) = k**2 + k - 11. Give y(0).
-11
Let y(i) = -12*i + 181. Calculate y(15).
1
Let m(p) = -13*p**3 - 2*p**2 - 2*p + 3. Give m(1).
-14
Let g(x) = -x**3 - 5*x**2 + 4*x + 1. Determine g(-5).
-19
Let h(f) = 5*f**2 + 16*f + 6. Calculate h(-3).
3
Let b(s) = -s**3 + 13*s**2 + 16*s - 35. Give b(14).
-7
Let s(h) = 6*h + 4. What is s(-4)?
-20
Let b(r) = r**3 - 8*r**2 - 11*r + 9. Determine b(9).
-9
Let f(s) = -s - 12. Calculate f(-10).
-2
Let j(b) = 8*b**2 - 3*b - 3. Calculate j(-2).
35
Let x(a) = a**3 + a**2 + 2*a - 7. Calculate x(0).
-7
Let j(f) = -f**2 - 5*f - 6. What is j(-5)?
-6
Let a(y) = -y**3 - y**2 - 11. What is a(0)?
-11
Let r(i) = -4*i + 11. What is r(5)?
-9
Let k(x) = x + 11. Calculate k(-5).
6
Let l(h) = -h**3 - 29*h**2 + 2*h + 61. Give l(-29).
3
Let z(l) = -l**3 - 10*l**2 + 2*l + 16. Give z(-10).
-4
Let a(i) = -2*i - 26. Give a(5).
-36
Let r(y) = y**2 + 3*y - 16. What is r(0)?
-16
Let z(r) = -r**2 - 10*r + 13. What is z(-11)?
2
Let f(v) = -8*v**2 - 3*v - 8. Calculate f(-3).
-71
Let q(o) = 11*o - 1. What is q(1)?
10
Let y(j) = j**3 - 3*j - 6. Calculate y(-3).
-24
Let m(a) = a**3 - 4*a**2 - 5. Determine m(4).
-5
Let d(b) = -b**2 + 8*b - 2. Calculate d(9).
-11
Let t(f) = -f**3 + 8*f**2 - 10*f - 12. Give t(7).
-33
Let f(d) = 11*d - 36. Determine f(4).
8
Let q(l) = l**3 - 4*l**2 + 3*l + 3. Give q(3).
3
Let i(a) = -a**3 + 4*a**2 + 12*a - 9. Give i(6).
-9
Let y(a) = -a**2 - 9*a + 34. What is y(3)?
-2
Let x(w) = 5*w - 74. Calculate x(13).
-9
Let w(x) = -x**2 - 2*x + 5. Calculate w(-3).
2
Let p(s) = 3*s - 4. Give p(7).
17
Let p(f) = -f**3 - 8*f**2 + 24*f + 10. What is p(-10)?
-30
Let a(u) = -2*u**2 - 9*u + 56. Give a(-8).
0
Let u(s) = 3*s**2 + 12*s + 1. Give u(-4).
1
Let n(x) = -x**2 + 9*x + 13. Determine n(11).
-9
Let v(f) = f**3 - 9*f**2 - 22*f - 5. Give v(11).
-5
Let o(m) = m**3 - 52*m**2 + 98*m + 112. What is o(50)?
12
Let h(v) = 12*v**3 + 2*v. Calculate h(1).
14
Let o(z) = -2*z**2 - z + 1. Calculate o(-2).
-5
Let y(t) = t**2 + 7*t + 2. Give y(-7).
2
Let v(k) = -4*k**2 - 16*k - 1. Give v(-4).
-1
Let q(w) = w**2 - w + 8. Determine q(0).
8
Let s(m) = -m**2 + 9*m - 12. What is s(5)?
8
Let o(j) = -j**3 + 4*j**2 - 3. Calculate o(3).
6
Let t(g) = -g + 4. Determine t(3).
1
Let z(o) = -3*o**2 - 5*o - 5. Give z(-4).
-33
Let x(i) = 38*i + 423. Determine x(-11).
5
Let u(d) = 92*d - 357. Determine u(4).
11
Let h(p) = p**3 + 5*p**2 + 4*p + 3. Determine h(-4).
3
Let b(m) = -m**3 - 4*m**2 - 4*m - 4. Give b(-3).
-1
Let m(x) = 7*x + 1. Calculate m(-6).
-41
Let p(l) = l**3 + 6*l**2 - l - 16. What is p(-6)?
-10
Let r(q) = -15*q + 318. Calculate r(21).
3
Let v(z) = 14*z - 191. What is v(14)?
5
Let j(y) = -y**2 + 2*y - 1. Give j(0).
-1
Let o(s) = -2*s**2 + 24*s - 9. Give o(11).
13
Let k(n) = -n**2 + 13*n + 129. Calculate k(20).
-11
Let c(m) = m**2 + 13*m + 15. Determine c(-13).
15
Let j(b) = -b**2 + 5*b + 58. What is j(10)?
8
Let l(n) = n**2 - 2*n + 16. Determine l(0).
16
Let b(j) = -15*j + 1. Calculate b(0).
1
Let a(j) = j + 35. Give a(-35).
0
Let k(c) = c**3 + 5*c**2 - 5*c - 3. Calculate k(-6).
-9
Let c(t) = -6*t + 6. Calculate c(1).
0
Let i(v) = v**2 - 5*v + 5. Determine i(6).
11
Let u(m) = -71*m**3 + m**2 + 2*m + 3. What is u(-1)?
73
Let p(n) = 2*n - 16. What is p(11)?
6
Let c(o) = 30*o**3 + o**2 - o + 1. Calculate c(1).
31
Let g(x) = -x**2 + 16*x - 8. Calculate g(15).
7
Let p(q) = 15*q - 4. What is p(4)?
56
Let j(s) = s**3 + 8*s**2 + 5*s + 2. Calculate j(-6).
44
Let t(s) = s**2 + 22*s - 722. Give t(-40).
-2
Let c(z) = z - 26. What is c(15)?
-11
Let y(x) = 14*x + 75. Give y(-6).
-9
Let q(o) = o**3 + 6*o**2 - 9*o - 25. What is q(-7)?
-11
Let z(d) = 7*d**2 + 2*d - 1. Calculate z(1).
8
Let g(u) =